termine h(-7).
5
Let a(i) = -i**2 - 5*i + 5. Let x(t) = -86*t + 690. Let h be x(8). What is a(h)?
-9
Let c(u) = -u**2 - 9*u + 15. Let q be c(-11). Let a(s) = -s**2 - 6*s. What is a(q)?
-7
Let v be (4/(-4))/(2/10). Let z(g) be the second derivative of g**6/720 - g**5/24 - g**4/6 + 7*g. Let r(d) be the third derivative of z(d). What is r(v)?
-10
Let o(f) = -f**2 + 15*f - 13. Let v be o(14). Let b(m) = v - 2*m**2 + 0*m**2 + 6*m + 0 + m**2. Let x be b(7). Let g(d) = d - 2. Calculate g(x).
-8
Let g(m) = -2*m - 3. Let o = 144 + -37. Let n = o - 102. Calculate g(n).
-13
Let c(f) = -9*f**2 - f - 1. Suppose i = 2*z - z - 9, 20 = -4*i. Suppose 0 = 5*w + n - 7, -w + 22 = z*w - 4*n. Let q be (1/2)/(w/(-4)). Give c(q).
-9
Let l = 114 + 16. Let z = l + -136. Let q(x) = x + 1. What is q(z)?
-5
Let s = 150 + -151. Let l(b) = 18*b**3 - 2*b**2 + 1. Determine l(s).
-19
Let n(m) = -4*m**2 - m. Let t(z) = 16*z + 111. Let x be t(-7). Give n(x).
-3
Suppose o = -d + 4*o + 15, 4*d - 2*o = 20. Suppose n + 2*i - 16 = -d*n, -4 = i. Let a(g) = -g**2 + 5*g + 3. Give a(n).
-3
Let y(b) be the third derivative of 0*b + 0 - 2/3*b**3 + 1/60*b**5 - 1/8*b**4 - 39*b**2. Determine y(3).
-4
Let m be 8/(-10)*(-25)/10. Let i(q) = q - 5*q + 2*q + 3 - q**m + 0*q**2. Let u(p) = -2*p**2 + 2*p + 7. Let d be u(-2). Give i(d).
-12
Let j(s) = 4*s**3 - s**2. Let d(l) = -l**3 + 4*l**2 + 11*l + 7. Let k = 53 + -47. Let n be d(k). Determine j(n).
3
Let m(g) = -g**3 - 28*g**2 - 29*g - 63. Let i be m(-27). Let y(c) = c**3 + 10*c**2 + 8*c - 3. Calculate y(i).
6
Let c(s) = -8*s + 32. Let k(l) = l - 3. Let v(p) = 3*c(p) + 32*k(p). Give v(-2).
-16
Let n = -31 - -31. Suppose -5*j + 5 = 5*o, 4*j = -o - n + 13. Let u(d) = -3*d - 2. Determine u(o).
7
Let k(h) = -2*h**2 + 10*h + 2 - 5*h + 3*h**2 - 8. Let p(b) = b**2 - 6. Let i be (3/(-3)*0)/(-1). Let z be p(i). Determine k(z).
0
Suppose -2*c - 208 = -218. Let u(h) = -h + 12. Calculate u(c).
7
Let v(w) = 0*w**3 + 8*w**2 + 4 + w**2 + 0*w**2 - w**3 - 3*w**2 + 3*w. Determine v(6).
22
Let p = 31 + -58. Let y = 31 + p. Let m(d) = d**3 - 4*d**2 + 4*d - 5. Calculate m(y).
11
Let x(r) be the second derivative of r**5/20 - r**4/6 - r**3/2 + 2*r**2 + 3*r. Let h be 3 - (2 - (-14)/(-7)). Give x(h).
4
Let h be (-8)/6 - (-504)/216. Let v(n) = 28*n**3 + n. Calculate v(h).
29
Let f(g) = -g**2 - 6*g + 8. Let b(l) be the second derivative of l**3/6 + l**2/2 + 9*l. Let s(v) = -2*b(v) + f(v). Give s(-8).
6
Let f(t) = -3*t + 31. Let b(o) = o - 10. Let m(x) = -11*b(x) - 4*f(x). Let u(l) = 4*l + 96. Let p be u(-24). Calculate m(p).
-14
Suppose -5*q = -5 - 10. Let x(z) = 4*z. What is x(q)?
12
Let o(i) = i**2 + 6*i + 1. Suppose 5*t + 1 = 4*s - 7, t - 8 = 4*s. Give o(t).
-7
Let u be (-1 + 40)*(-7)/(-294)*14. Let f(b) = -3*b + 27. Give f(u).
-12
Suppose j - 4*w = 3*j - 18, -5*w - 9 = -2*j. Let s(o) = -o**3 + 8*o**2 - 7*o - 4. Calculate s(j).
-4
Suppose 0 = 2*n - 3*g + 26, -2*g - 1 = -9. Let k(u) = -u**3 - 8*u**2 - 7*u + 6. What is k(n)?
6
Let u(z) be the second derivative of z**5/20 - z**4/12 + z + 152. Give u(2).
4
Let v(u) = 3*u**2 + 7. Let b(l) = -5*l**2 - l - 14. Let f(k) = -4*b(k) - 7*v(k). Let z(g) = 2*g - 3. Let y be z(5). Calculate f(y).
-14
Let t(i) be the second derivative of 38*i - 3/20*i**5 + 0 + 0*i**2 - 1/3*i**3 + 1/12*i**4. What is t(2)?
-24
Let w(r) be the third derivative of r**5/60 + r**4/3 + 3*r**3/2 + 2*r**2 - 72. Calculate w(-7).
2
Let g(c) = 2*c**2 - 4*c**2 + c + 1650*c**3 - 1651*c**3. Determine g(-4).
28
Let w be ((-3)/9 - 0) + (-2)/(-6). Suppose w = -3*z - 4*a - 38, -a + 13 = -3*z. Let y(r) = r**2 + 6*r + 1. What is y(z)?
1
Suppose 34*r - 16 = 30*r. Suppose r*h + 0*h = -h. Let k(u) = u**2 - 15. Give k(h).
-15
Let z = -24 - -27. Let t(y) = 4*y - 5*y**2 - 251 - y**2 - y**z + 246 - 8*y. What is t(-5)?
-10
Let l(h) be the third derivative of -1/2*h**3 + 3*h - 1/120*h**6 + 3*h**2 + 1/12*h**5 - 1/8*h**4 + 0. Let s be (-1 + 1)/(-1) + 3. Calculate l(s).
6
Let n(c) = -c**2 + 6*c - 2. Suppose 5*r + 4 = 5*f + 9, 2 = f - 2*r. Let y be (1*f/(-12))/((-2)/(-42)). Give n(y).
-9
Suppose -10*n + 4*o = -14*n + 8, -2*n = -o + 2. Let b(q) = q**3 - q**2 - q - 3. Give b(n).
-3
Let w = 3 - 1. Let o(m) = 35*m - 6. Let i(u) = 39*u - 7. Let v(z) = -6*i(z) + 7*o(z). Determine v(w).
22
Suppose 0*t + t + 4*x + 40 = 0, 0 = 2*t - 2*x + 80. Let a = t + 43. Let v(d) = -1 - d + d**3 + d - 2*d**2. Give v(a).
8
Let y = 1748 + -1758. Let f(t) = -t**3 - 8*t**2 + 21*t + 16. Determine f(y).
6
Let y(z) = -3*z + 1. Suppose -2*q - 88 = -4*b, 3*q + 4 = b - 2*q. Let p be (0 + -2)/(2/2). Let c be (p/6)/((-4)/b). Determine y(c).
-5
Let j(l) = -5*l**2 + 6*l - 2. Let g(a) = -27*a**2 + 31*a - 9. Let t(x) = -2*g(x) + 11*j(x). Let s = 14 + -8. Give t(s).
-16
Suppose 4*n - 79 = -63. Let a(l) = 6*l**2 - n*l**2 + 3 - 7 + 3. Determine a(1).
1
Let b(r) = 3*r**3 - 2*r**2 - 3*r + 3. Suppose -13 = 4*n - 1. Let j be ((-5)/n)/(1/3). Suppose -v - 3*f - 13 = 0, -4*v - 5 - 12 = j*f. What is b(v)?
13
Suppose -10*f - 156 = 16*f. Let d(l) = -2*l - 5. Calculate d(f).
7
Let d(u) = 14 - 52*u**3 + 100*u**3 - u**2 + u - 47*u**3. Suppose 2*x + w + 4 = 0, -4*x - 2 = -2*w - 10. Give d(x).
14
Let i(s) = s**2 + 3*s - 1. Let d(h) = -14*h - 256. Let t be d(-18). What is i(t)?
3
Let x(b) = -7*b + 15. Let y(w) = 3*w - 7. Let i(t) = 2*x(t) + 5*y(t). Let l be (2/2)/(2/(-14)). Let a(v) = -2. Let h(o) = l*a(o) + 2*i(o). Determine h(-6).
-8
Let q = 19 + -16. Suppose 7*b - 4*m = 9*b - 6, q*b - 3*m + 27 = 0. Let y(d) be the second derivative of d**5/20 + d**4/3 - 5*d**3/6 - d**2 - d. Calculate y(b).
-2
Let t(x) = 1 + 0*x**2 - 5*x**2 + 5*x + x**3 - x - 10*x. What is t(6)?
1
Let c(n) = n - 7. Let v(w) = 2*w - 4. Let i be v(4). Suppose h - i = 3*j, 5*h + 4*j + 22 = 3*h. Let m be (h + -13)*(-1)/3. Give c(m).
-1
Let y(x) be the third derivative of -x**4/24 + x**3/2 + 2*x**2 - 168*x. Give y(-6).
9
Let o(t) = -2*t**2 - 34*t + 14. Suppose -8*j + 169 = 305. Determine o(j).
14
Let a(y) be the third derivative of -y**6/360 + 7*y**5/120 - y**4/6 + 5*y**3/6 - 9*y**2. Let p(i) be the first derivative of a(i). What is p(4)?
8
Suppose -6*x = -20*x + 56. Let j(b) = b**3 - 4*b**2 - 2*b + 2. Give j(x).
-6
Let x(d) = d**2 + 1. Let w(s) = -5*s**2 + 4*s + 5. Let g(u) = w(u) + 4*x(u). Determine g(6).
-3
Suppose -3*x - 8 + 2 = 0. Let k(r) be the first derivative of 22 + r**3 - 3/2*r**2 - 2*r. Give k(x).
16
Let j(v) = 12*v**2 + 1. Let b = 54 - 53. Calculate j(b).
13
Let q(j) = -j**2 - 2*j**2 + 10*j - 12*j**2 - 6 + 14*j**2 - 1. What is q(7)?
14
Suppose -4*t - 39 = -19. Let o = -9 - t. Let s(d) = 2*d + 6. What is s(o)?
-2
Let k(x) = -2*x - 5. Let l(m) = m - 2. Let v(s) = 3*s - 1. Let c(a) = -3*l(a) + 2*v(a). Let b(o) = 4*c(o) + 3*k(o). Let y be (-4)/6 - (-5)/3. Give b(y).
7
Let r(z) = z**3 + 151*z**2 + 2*z - 2*z**3 - 149*z**2. Determine r(3).
-3
Let i = -2 + 0. Let d(m) = m**3 - 8*m**2 + 6*m + 9. Let p be d(7). Let v(z) = p*z + 392 - 392 + 3*z**2. Determine v(i).
8
Let v(h) = -10*h - 1. Let q be ((-30)/40 - (-1)/2)*-20. Let f(l) = 5*l - 26. Let a be f(q). Give v(a).
9
Suppose -j = -2*b - 23, -5*j + 53 - 19 = -b. Let i(q) = q**3 + 10*q**2 + 10*q - 12. Determine i(b).
-21
Let p(l) = l - 1. Let g(v) = -9*v + 8. Let x(o) = -g(o) - 6*p(o). Let k = 24 + 16. Let h = -38 + k. Give x(h).
4
Suppose 0 = 172*m - 150*m - 176. Let n(c) = -c**2 + 8*c - 1. What is n(m)?
-1
Let o(p) = p**3 + 9*p**2 - 9. Let w = 536 - 545. What is o(w)?
-9
Let l = 864 - 870. Let u(c) = -c + 8. What is u(l)?
14
Let y(s) = s**3 - 5*s**2 + 9*s - 11. Let i(m) = m**3 - 6*m**2 + 9*m - 9. Let j(c) = 3*i(c) - 2*y(c). What is j(7)?
9
Let x = 9 + -6. Let b(s) = s**2 + 3*s - 396*s**3 + 397*s**3 - x*s + 4. Calculate b(0).
4
Let v = 1005 + -2007/2. Let c(t) be the first derivative of 1 - 1/4*t**4 + t**3 + v*t**2 - 3*t. Calculate c(4).
-7
Let n(j) = -j + 11. Suppose -5*q + 2*q + 3*b = 0, 0 = -5*q + 4*b + 4. Let f be (-4)/(q + 36/(-8)). Calculate n(f).
3
Let w(i) = -6*i - i**3 + 0*i**3 - 7*i**2 - 9 + 4. Suppose -3*g = 5*g + 48. Give w(g).
-5
Let m(o) = 5*o**3 - o - 7. Let r(l) = 6*l**3 - l - 6. Let d(b) = -6*m(b) + 7*r(b). Let k(g) = -499*g - 5488. Let s be k(-11). Give d(s).
11
Let r be (-12)/(3 - 6) - 3. Let g(t) = r - 388*t**2 + 5*t + 2 + 389*t**2. What is g(-4)?
-1
Let p(t) = 7*t**3 + 6*t**2 + 6*t - 6. Let a(j) = -9